*l - v, 4*l - 290 - p = 2*v. What is the tens digit of l?
7
Suppose -5*z + 8 = -3*z. Let j(a) = 35*a + 15. What is the hundreds digit of j(z)?
1
Let d = -195 + 352. Let s = -81 + d. What is the units digit of s?
6
What is the hundreds digit of (100 + -97)*682/6?
3
Suppose 3*q + 3*p = 4224, -5*p - 1408 = -q - 9*p. What is the tens digit of q?
0
Let i(u) = 3*u - 70. Let w(m) = 3*m - 71. Let r(h) = 5*i(h) - 6*w(h). What is the tens digit of r(22)?
1
Let h be -1*(2 + -3) + 8. Let a = h + -16. What is the units digit of 9 + a/((-14)/(-6))?
6
Suppose 2*a = c - 9, 5*c - c - 5*a - 21 = 0. What is the hundreds digit of (-2)/c*(-1)/(-4)*276?
1
Let m = -3 + -3. Let q(k) = -k**3 - 5*k**2 + 5*k - 8. Let z be q(m). What is the units digit of ((-15)/6 - z)*-12?
6
Suppose 3*f - 8*f = -20. Let l be (-1)/(-3)*3 + f. Suppose -13 = -l*o + 32. What is the units digit of o?
9
Let i(f) = 3*f**2 + 17*f - 21. What is the tens digit of i(-15)?
9
Suppose f - 3*i = 49, 2*i + 12 = -2*i. Suppose 3*c + f = 193. Let q = 89 - c. What is the units digit of q?
8
Let i = 50 + -33. Suppose 4*g - 3*g + i = 0. What is the tens digit of (g - 1)*(5 + -6)?
1
What is the units digit of 4 + (-168)/35 - 988/(-10)?
8
Let n(l) = 31*l**3 + 3*l**2 - 4*l + 4. Let h be 4*5/8*(-8)/(-10). What is the tens digit of n(h)?
5
Let p = -258 - -568. What is the tens digit of p?
1
What is the hundreds digit of (-18)/(-135) + (-9568)/(-15)?
6
Let x(v) = -2*v + 5. Let g be x(-11). Suppose 5*a + 2*o - g = 0, -4*a - o - 3*o + 12 = 0. What is the units digit of a?
7
Let x(n) = n**2 + 19*n - 54. What is the hundreds digit of x(-29)?
2
Let t = -1246 - -1763. What is the units digit of t?
7
Let w be (-4 - -9)*12/(-15). Let g(v) = -v**2 - 4*v + 4. Let u be g(w). Suppose -17 = -n - u. What is the units digit of n?
3
Suppose 0 = 3*k - p - 825, -p - 551 = 2*k - 4*k. What is the units digit of k?
4
Let k be 1 + (15*16)/3. Let z = k - 36. What is the units digit of z?
5
Let j = -20 - -3. Let q(w) = w**2 + 17*w + 34. What is the units digit of q(j)?
4
Suppose -4*b - 30 = -222. Suppose 16 = -m - b. What is the tens digit of m/(-80) + (-81)/(-5)?
1
Let a = -20 + -38. Let g = a + -8. Let d = -25 - g. What is the units digit of d?
1
Let g = -4 - -7. Let a(t) = -t**2 + 2*t - 3. Let d be a(g). Let x = 19 + d. What is the units digit of x?
3
Let x(c) be the second derivative of -c**5/10 + 4*c**4/3 - 5*c**3/6 - 5*c**2 + 9*c. What is the hundreds digit of x(6)?
1
Let s = -28 - -29. Let m(o) = 63*o**3 - 2*o**2 + o. What is the tens digit of m(s)?
6
Suppose 7 = -m + 154. Suppose -4*w = -2*a - 4 + 58, 0 = -5*a + 4*w + m. Let u = a + 7. What is the units digit of u?
8
Suppose 2*w - 4*w = 4*y + 378, -5*w = 5*y + 465. Let o = -21 - y. What is the tens digit of o?
7
Let v = 217 - -794. Let t = -697 + v. What is the units digit of t?
4
Let p be 9/(-2) + 8/(-16). Let y be (54/p)/((-6)/30). What is the units digit of y/10*40/8?
7
Let s(m) = m**3 + 6*m**2 - 18*m - 7. Suppose -4*c + t - 31 = -0*t, 2*c = 3*t - 23. What is the units digit of s(c)?
0
Let h(t) be the second derivative of -t**5/20 + t**4/3 + 5*t**3/6 + 4*t. Suppose 2*a - 1 = 7. What is the tens digit of h(a)?
2
Suppose 5*d - 7 = 4*q, 10*d = 2*q + 8*d + 2. What is the tens digit of q/(9*(-2)/(-12))*183?
4
Let r(o) = 10*o**2 - 2*o - 1. Let d be r(-1). Let p(c) = -6*c + 4 - 14 + d. What is the units digit of p(-4)?
5
Suppose -10*c + 222 = -8*c. Suppose 5*q - c = 299. What is the units digit of q?
2
Let n be 14/(5 - 3) - 2. What is the tens digit of 10/n*138/4?
6
Suppose -5*p + 20 = 2*t, -3*p + t = 6*t - 31. Let h be 16/(-20)*(-85)/p. Let f = h - -1. What is the units digit of f?
5
Let u = 227 + 449. What is the tens digit of u?
7
What is the tens digit of 5/16*566 - (-133)/1064?
7
Suppose -3*b = -4*q - 629, -16 - 633 = -3*b - q. Suppose o - 111 = b. What is the tens digit of o/6 + 1/(-3)?
5
Suppose 3*q + 2*i - 208 = 0, 2*q + 20*i = 17*i + 147. What is the units digit of q?
6
What is the units digit of 16056/(-4 + 13) + -2 + -3?
9
Let u = -3 + -4. Let q(g) = g**2 - 7*g + 14. What is the units digit of q(u)?
2
Suppose 2*o - 2*i - 16 = 0, -i - 34 = -4*o + 4*i. Suppose -22 = -h + o. Suppose -h = l - 2*l. What is the units digit of l?
8
Suppose -1470 - 1221 = -9*q. Suppose -265 = -2*s + q. What is the units digit of s?
2
Let x(d) = 155*d - 145. Let u(o) = -22*o + 21. Let q(m) = 15*u(m) + 2*x(m). What is the hundreds digit of q(-8)?
1
Let g be (-125)/(-10)*(-12)/15. What is the units digit of 223/5 - 4/g?
5
Let u be (-7 - 29)/(2/(-4)) - 0. Suppose 0 = -79*q + u*q + 63. What is the units digit of q?
9
Let x = 1088 - 648. What is the hundreds digit of x?
4
Suppose 0 = -c + 4*z + 38, -5*c - z = -0*z - 148. Suppose 5*x = c + 405. What is the tens digit of x?
8
Let t be 438/(-2)*(-3)/9. What is the tens digit of t + -5 - (-1)/(-1)?
6
Let g(z) = -4*z - 22. Let i be g(-15). Let o be (2/2)/(2/i). Suppose 3*x - o = 5*f - 305, 2*f - 3*x - 118 = 0. What is the tens digit of f?
5
Let o(d) = -d**3 - 14*d**2 - 9*d + 16. Let y be o(-13). Let w = y + 44. What is the units digit of w?
8
Suppose 3*u = -0 + 9. Suppose 0 = -u*v + 2*i + 515, -5*v + 4*v = 4*i - 167. What is the tens digit of v?
7
Let b(m) = 830*m**2 + 15*m - 1. What is the hundreds digit of b(-2)?
2
Let f(u) = u**3 + 3*u**2 - 4*u + 5. Let c be f(-5). Let i(y) = y**2 + 3*y + 1. Let j be i(0). Let s = j - c. What is the units digit of s?
6
Suppose 3*u + 3*w = 66, 4*u + 0*w - 118 = 2*w. Suppose -4*d + 1 - 21 = 0. Let i = u + d. What is the tens digit of i?
2
Suppose -2*c = 2*d - 24, -1 = 4*d - c - 29. Let p be 4/2*d/16. What is the units digit of (-132)/(-15) - p/(-5)?
9
Suppose 0*h = -3*h + 420. Suppose y - h = -3*y. What is the tens digit of y?
3
Let x = 3048 - 1581. What is the tens digit of x?
6
Suppose 5*w + 10 = 0, 28*w - 4184 = -2*l + 31*w. What is the tens digit of l?
8
Suppose -13*v = -12*v - 13. Let q(l) = 2*l**2 - 8*l + 13. What is the hundreds digit of q(v)?
2
Let t = 404 - -173. What is the tens digit of t?
7
Let q(b) = 68*b - 17. Let i be q(3). Suppose 0 = -3*u + 4*x + 2 + i, u = -5*x + 44. What is the units digit of u?
9
Suppose 3*o - 1448 = -4*b + 4*o, -o = 4*b - 1448. What is the hundreds digit of b?
3
Let o = 50 + -58. What is the tens digit of o/(-28) - (-1363)/7?
9
Suppose -23*a - 584 = -32623. What is the units digit of a?
3
Suppose 4 - 32 = 2*s - 4*u, 2*u = -s - 10. Let o = 10 + s. Let y(f) = -6*f**3 - 4*f**2 - 2*f. What is the tens digit of y(o)?
3
Let k = 1179 - 805. What is the units digit of k?
4
Suppose 2*x - c - 7 = 0, 3 = 3*c - 6*c. What is the units digit of (-16)/x*(-12)/8?
8
Suppose 0 = -i - 2*i + 36. Let r be 26/8 + 9/i. Suppose 0 = r*z - 0*z - 168. What is the units digit of z?
2
Let b = 9522 - 5906. What is the tens digit of b?
1
Let k(s) = -s**2 - 3*s + 2. Let n be k(-4). What is the units digit of n + -1 - 32/(-8)?
1
Suppose 8880 = 62*l - 22*l. What is the hundreds digit of l?
2
Suppose -4*a + 4556 = -3*l, 3*a - 5*l - 3521 = -115. What is the units digit of a?
2
Let t(g) = g**2 - 4*g - 1. Let p be t(5). Suppose 6*d - p*d = 220. What is the hundreds digit of d?
1
Let y be 25/(-10)*2*-1. Suppose 0 = 5*w - j - 59, -y*w - 5*j + 90 - 25 = 0. Suppose -3*u = -3*x - 60 + w, -2*x = -3*u + 46. What is the units digit of u?
4
What is the tens digit of 67 - -1 - (9 + -11)?
7
Let c(r) = -16*r - 20. Let q be c(-9). Suppose -3*g + 62 = -q. What is the tens digit of g?
6
Let i(w) = 4*w**2 + 36*w - 43. What is the tens digit of i(-21)?
6
Let g = -11 + 15. Suppose 0 = 2*f - g*f. Suppose f = r + 4*r - 10. What is the units digit of r?
2
Suppose -4 = -5*t - 2*u, 5*u - 1 - 9 = 5*t. Let r = -16 + 21. Suppose -r*q = -y - 204, t = -5*q + q - 3*y + 167. What is the units digit of q?
1
Let d = 36 - 81. Let j be -3*((-88)/(-12) - 0). Let m = j - d. What is the tens digit of m?
2
Suppose -4*k + 6*k = 30. Let m = -1 + k. What is the tens digit of m?
1
Let s(h) = h**2 + h + 2. Let i be s(-1). Suppose -b - 7 = -p, -i = 3*b - 11. Suppose 5*v + 5 - p = 0. What is the units digit of v?
1
Suppose 0 = -4*l - 4*o + 71 - 7, 3*l - 3*o = 42. Suppose 7*a = 11*a - 8. Suppose -65 = -a*f + l. What is the units digit of f?
0
Suppose -115 = -4*b + 53. Suppose -b = -4*m - 10. What is the units digit of m?
8
What is the tens digit of 131709/45 - (19